{"id":277,"date":"2023-01-22T18:22:43","date_gmt":"2023-01-22T17:22:43","guid":{"rendered":"http:\/\/laurenttouche.fr\/?page_id=277"},"modified":"2025-03-23T16:53:39","modified_gmt":"2025-03-23T15:53:39","slug":"saison-2022-2023","status":"publish","type":"page","link":"https:\/\/laurenttouche.fr\/index.php\/saison-2022-2023\/","title":{"rendered":"Saison 2022-2023"},"content":{"rendered":"<h3><span style=\"color: #993300;\">2022<\/span><\/h3>\n<p><strong>septembre <\/strong><strong>|<\/strong><span style=\"color: #808080;\"><strong> 29 <\/strong><\/span><strong>| <em>Chichester Palm<\/em> <\/strong>(Berstein),<strong> <em>Requiem <\/em><\/strong>(Mozart)<strong> |\u00a0<\/strong><strong><span style=\"color: #993300;\">chef des ch\u0153urs<\/span> |\u00a0<\/strong>Op\u00e9ra de Saint-\u00c9tienne<del><\/del> <em>(DM Grazioli) <\/em><\/p>\n<p><strong>octobre <\/strong><strong>|<\/strong><span style=\"color: #808080;\"><strong> 13 <\/strong><\/span><strong>|<\/strong> <strong><em>Hommage \u00e0 Piaf<\/em><\/strong><strong> | <\/strong><strong><span style=\"color: #993300;\">piano<\/span> | <\/strong>Afterwoks de l&rsquo;Op\u00e9ra au Novotel (Saint-\u00c9tienne)<\/p>\n<p><strong>novembre <\/strong><strong>|<\/strong><span style=\"color: #808080;\"><strong> 5 <\/strong><\/span><strong>|<\/strong> <strong><em>Hommage \u00e0 Piaf<\/em><\/strong><strong> | <\/strong><strong><span style=\"color: #993300;\">piano<\/span> | <\/strong>Apr\u00e8s-midi de l&rsquo;Op\u00e9ra \u00e0 Steel (Saint-\u00c9tienne)<\/p>\n<p><strong>novembre\u00a0<\/strong><strong>|<\/strong><span style=\"color: #808080;\"><strong> 6, 8 et 10 <\/strong><\/span><strong>|<\/strong> <strong><em>Les Nozze di Figaro <\/em><\/strong>(Mozart)<strong> | <\/strong><strong><span style=\"color: #993300;\">chef des ch\u0153urs<\/span> | <\/strong>Op\u00e9ra de Saint-\u00c9tienne<del><\/del> <em>(DM Grazioli, MS Delvert)<\/em><\/p>\n<p><strong>d\u00e9cembre\u00a0<\/strong><strong>|<\/strong><span style=\"color: #808080;\"><strong> 29, 31 et 01\/01\/23 <\/strong><\/span><strong>|<\/strong> <strong><em>La Veuve joyeuse <\/em><\/strong>(Leh\u00e0r)<strong> | <\/strong><strong><span style=\"color: #993300;\">direction musicale<\/span> | <\/strong>Op\u00e9ra de Saint-\u00c9tienne<del><\/del> <em>(MS Pichon)<\/em><\/p>\n<h3><span style=\"color: #993300;\">2023<\/span><\/h3>\n<p><strong>janvier <\/strong><strong>|<\/strong><span style=\"color: #808080;\"><strong> 19 <\/strong><\/span><strong>|<\/strong> <strong><em>Michel Legrand, ses plus belles chansons<\/em><\/strong><strong>| <\/strong><strong><span style=\"color: #993300;\">piano<\/span> | <\/strong>Afterwoks de l&rsquo;Op\u00e9ra au Novotel (Saint-\u00c9tienne)<\/p>\n<p><strong>mars <\/strong><strong>|<\/strong><span style=\"color: #808080;\"><strong> 8, 10 et 12 <\/strong><\/span><strong>|<\/strong> <strong><em>Andromaque <\/em><\/strong>(Gr\u00e9try)<strong> | <\/strong><strong><span style=\"color: #993300;\">chef des ch\u0153urs<\/span> | <\/strong>Op\u00e9ra de Saint-\u00c9tienne<del><\/del> <em>(DM Dominguez-Mondrag\u00f3n, MS Cruciani)<\/em><\/p>\n<p><strong>avril-mai <\/strong><strong>|<\/strong><span style=\"color: #808080;\"><strong> 30\/04, 2 et 4\/05 <\/strong><\/span><strong>|<\/strong> <strong><em>La Nonne sanglante <\/em><\/strong>(Gounod)<strong> | <\/strong><strong><span style=\"color: #993300;\">chef des ch\u0153urs<\/span> | <\/strong>Op\u00e9ra de Saint-\u00c9tienne<del><\/del> <em>(DM Thomas, MS Ostini)<\/em><\/p>\n<p><strong>mai <\/strong><strong>|<\/strong><span style=\"color: #808080;\"><strong> 13 <\/strong><\/span><strong>|<\/strong> <strong><em>Michel Legrand, ses plus belles chansons<\/em><\/strong><strong>| <\/strong><strong><span style=\"color: #993300;\">piano<\/span> |\u00a0<\/strong>Apr\u00e8s-midi de l&rsquo;Op\u00e9ra \u00e0 Steel (Saint-\u00c9tienne)<\/p>\n<p><strong>juin <\/strong><strong>|<\/strong><span style=\"color: #808080;\"><strong> 16, 18 et 20 <\/strong><\/span><strong>|<\/strong> <strong><em>Macbeth <\/em><\/strong>(Verdi)<strong> | <\/strong><strong><span style=\"color: #993300;\">chef des ch\u0153urs<\/span> | <\/strong>Op\u00e9ra de Saint-\u00c9tienne<del><\/del> <em>(DM Grazioli, MS Benoin)<\/em><\/p>\n<p><strong>juillet <\/strong><strong>|<\/strong><span style=\"color: #808080;\"><strong> 9 et 10 <\/strong><\/span><strong>|<\/strong> <strong><em>Cosi fan tutte <\/em><\/strong>(Mozart)<strong> |\u00a0<\/strong><strong><span style=\"color: #993300;\">direction musicale<\/span> | <\/strong>Estivales de Brou <del><\/del> <em>(MS Calvet)<\/em><\/p>\n<p><strong>juillet <\/strong><strong>|<\/strong><span style=\"color: #808080;\"><strong> 9 et 10 <\/strong><\/span><strong>|<\/strong> <strong><em>Suggestions diaboliques <\/em><\/strong>(r\u00e9cital lyrique)<strong> | <\/strong><strong><span style=\"color: #993300;\">piano<\/span> | <\/strong>Estivales de Brou <del><\/del><\/p>\n<p><strong>ao\u00fbt <\/strong><strong>|<\/strong><span style=\"color: #808080;\"><strong> 24 <\/strong><\/span><strong>|<\/strong> <strong><em>Concert<\/em><\/strong><strong> | <\/strong><strong><span style=\"color: #993300;\">piano<\/span> | <\/strong>Oz-en-Oisans<del><\/del><\/p>\n<p>&nbsp;<\/p>\n","protected":false},"excerpt":{"rendered":"<p>2022 septembre | 29 | Chichester Palm (Berstein), Requiem (Mozart) |\u00a0chef des ch\u0153urs |\u00a0Op\u00e9ra de Saint-\u00c9tienne (DM Grazioli) octobre | 13 | Hommage \u00e0 Piaf | piano | Afterwoks de l&rsquo;Op\u00e9ra au Novotel (Saint-\u00c9tienne) novembre | 5 | Hommage \u00e0 Piaf | piano | Apr\u00e8s-midi de l&rsquo;Op\u00e9ra \u00e0 Steel (Saint-\u00c9tienne) novembre\u00a0| 6, 8 et 10 &hellip; <a href=\"https:\/\/laurenttouche.fr\/index.php\/saison-2022-2023\/\" class=\"more-link\">Continuer la lecture<span class=\"screen-reader-text\"> de &laquo;&nbsp;Saison 2022-2023&nbsp;&raquo;<\/span><\/a><\/p>\n","protected":false},"author":1,"featured_media":0,"parent":0,"menu_order":3,"comment_status":"closed","ping_status":"closed","template":"","meta":[],"_links":{"self":[{"href":"https:\/\/laurenttouche.fr\/index.php\/wp-json\/wp\/v2\/pages\/277"}],"collection":[{"href":"https:\/\/laurenttouche.fr\/index.php\/wp-json\/wp\/v2\/pages"}],"about":[{"href":"https:\/\/laurenttouche.fr\/index.php\/wp-json\/wp\/v2\/types\/page"}],"author":[{"embeddable":true,"href":"https:\/\/laurenttouche.fr\/index.php\/wp-json\/wp\/v2\/users\/1"}],"replies":[{"embeddable":true,"href":"https:\/\/laurenttouche.fr\/index.php\/wp-json\/wp\/v2\/comments?post=277"}],"version-history":[{"count":10,"href":"https:\/\/laurenttouche.fr\/index.php\/wp-json\/wp\/v2\/pages\/277\/revisions"}],"predecessor-version":[{"id":367,"href":"https:\/\/laurenttouche.fr\/index.php\/wp-json\/wp\/v2\/pages\/277\/revisions\/367"}],"wp:attachment":[{"href":"https:\/\/laurenttouche.fr\/index.php\/wp-json\/wp\/v2\/media?parent=277"}],"curies":[{"name":"wp","href":"https:\/\/api.w.org\/{rel}","templated":true}]}}