{"id":296,"date":"2023-01-22T20:43:07","date_gmt":"2023-01-22T19:43:07","guid":{"rendered":"http:\/\/laurenttouche.fr\/?page_id=296"},"modified":"2025-03-23T16:54:31","modified_gmt":"2025-03-23T15:54:31","slug":"saison-2020-2021","status":"publish","type":"page","link":"https:\/\/laurenttouche.fr\/index.php\/saison-2020-2021\/","title":{"rendered":"Saison 2020-2021"},"content":{"rendered":"<h3><span style=\"color: #993300;\">2020<\/span><\/h3>\n<p><strong>octobre <\/strong><strong>|<\/strong><span style=\"color: #808080;\"><strong> 5-9 <\/strong><\/span><strong>|<\/strong> <strong>atelier lyrique<\/strong><strong> | <\/strong><strong><span style=\"color: #993300;\">pianiste<\/span> | <\/strong>Maison d&rsquo;arr\u00eat de La Talaudi\u00e8re<strong><br \/>\n<\/strong><\/p>\n<p><strong>octobre <\/strong><strong>|<\/strong><span style=\"color: #808080;\"><strong> 8 <\/strong><\/span><strong>|<\/strong> <strong><em>Concert Barbara<\/em><\/strong><strong> | <\/strong><strong><span style=\"color: #993300;\">pianiste<\/span> | <\/strong>Novotel, Saint-\u00c9tienne<\/p>\n<p><strong>octobre |<span style=\"color: #808080;\"> 17<\/span> | <em>Requiem<\/em> (Descamps) |\u00a0<span style=\"color: #993300;\">chef des ch\u0153urs<\/span> |\u00a0<\/strong>Op\u00e9ra de Saint-\u00c9tienne<\/p>\n<p><strong>octobre | <span style=\"color: #808080;\">18<\/span> | <em>Concert<\/em> | <span style=\"color: #993300;\">direction musicale<\/span> | <\/strong>F\u00eate du livre dede Saint-\u00c9tienne [Annul\u00e9]<\/p>\n<p><strong>novembre | <span style=\"color: #808080;\">6, 8 et 10<\/span> | <em>La Nonne sanglante <\/em><\/strong>(Gounod)<strong> | <span style=\"color: #993300;\">chef des ch\u0153urs<\/span> | <\/strong>Op\u00e9ra de Saint-\u00c9tienne <em>(DM Thomas, MS Ostini) <\/em>[Annul\u00e9]<em><br \/>\n<\/em><\/p>\n<p><strong>novembre | <span style=\"color: #808080;\">12<\/span> | Concert lyrique | <span style=\"color: #993300;\">pianiste<\/span> |\u00a0<\/strong>Novotel, Saint-Etienne [Annul\u00e9]<\/p>\n<p><strong>d\u00e9cembre | <span style=\"color: #808080;\">31 <\/span>| <em>La Veuve joyeuse<\/em><\/strong> (Leh\u00e1r<strong><em>)<\/em> | <span style=\"color: #993300;\">direction musicale<\/span> |\u00a0<\/strong>Op\u00e9ra de Saint-\u00c9tienne <em>( MS Pichon) <\/em>[Annul\u00e9]<\/p>\n<h3><span style=\"color: #993300;\">2021<\/span><\/h3>\n<p><strong>janvier | <span style=\"color: #808080;\">1 et 3 <\/span>| <em>La Veuve joyeuse<\/em><\/strong> (Leh\u00e1r<strong><em>)<\/em> | <span style=\"color: #993300;\">direction musicale<\/span> |\u00a0<\/strong>Op\u00e9ra de Saint-\u00c9tienne <em>( MS Pichon) <\/em><strong>[Annul\u00e9]<\/strong><\/p>\n<p><strong>janvier | <span style=\"color: #808080;\">29 et 31<\/span> | <em>Les <\/em><em>P\u00eacheurs de perles<\/em><\/strong> (Bizet<strong><em>)<\/em> |\u00a0<span style=\"color: #993300;\">chef des ch\u0153urs<\/span> | <\/strong>Op\u00e9ra de Saint-\u00c9tienne <em>(DM Tourniaire, MS Oida) <\/em><strong>[Annul\u00e9]<\/strong><\/p>\n<p><strong>f\u00e9vrier | <span style=\"color: #808080;\">2<\/span> | <em>Les <\/em><em>P\u00eacheurs de perles<\/em><\/strong> (Bizet<strong><em>)<\/em> |\u00a0<span style=\"color: #993300;\">chef des ch\u0153urs<\/span> | <\/strong>Op\u00e9ra de Saint-\u00c9tienne <em>(DM Tourniaire, MS Oida) <\/em><strong>[Annul\u00e9]<\/strong><\/p>\n<p><strong>f\u00e9vrier | <span style=\"color: #808080;\">6<\/span> | <em>Carmen<\/em><\/strong> (Bizet<strong><em>)<\/em> |\u00a0<span style=\"color: #993300;\">coordination musicale <\/span> | <\/strong>Centre social Beaubrun, Saint-\u00c9tienne <em>(MS S\u00e9on)\u00a0<\/em><\/p>\n<p><strong>mars | <span style=\"color: #808080;\">24<\/span> | Printemps des po\u00e8tes | <span style=\"color: #993300;\">pianiste<\/span> | <\/strong>Ma\u00eetrise de la Loire <em>(MS Jacquet)<\/em><\/p>\n<p><strong>avril | <span style=\"color: #808080;\">30<\/span> | <em>Andromaque <\/em><\/strong>(Gr\u00e9try)<strong> | <span style=\"color: #993300;\">chef des ch\u0153urs<\/span> |\u00a0<\/strong>Op\u00e9ra de Saint-\u00c9tienne <em>(DM Dominguez, MS Cruciani) <\/em><strong>[Annul\u00e9]<\/strong><\/p>\n<p><strong>mai | <span style=\"color: #808080;\">2 et 4<\/span> | <em>Andromaque <\/em><\/strong>(Gr\u00e9try)<strong> | <span style=\"color: #993300;\">chef des ch\u0153urs<\/span> |\u00a0<\/strong>Op\u00e9ra de Saint-\u00c9tienne <em>(DM Dominguez, MS Cruciani) <\/em><strong>[Annul\u00e9]<\/strong><\/p>\n<p><strong>juin | <span style=\"color: #808080;\">11, 13 et 15<\/span> | <em>Otello <\/em><\/strong>(Verdi)<strong> | <span style=\"color: #993300;\">chef des ch\u0153urs<\/span> |\u00a0<\/strong>Op\u00e9ra de Saint-\u00c9tienne <em>(DM Grazioli, MS Mazzonis di Pralafera)\u00a0<\/em><\/p>\n<p><strong>juin | <span style=\"color: #808080;\">25<\/span> | concert lyrique | <span style=\"color: #993300;\">pianiste<\/span> |\u00a0<\/strong>Panissi\u00e8res<\/p>\n<p><strong>juin | <span style=\"color: #808080;\">26<\/span> | concert lyrique | <span style=\"color: #993300;\">pianiste<\/span> |\u00a0<\/strong>Saint-Galmier<\/p>\n<p><strong>juin | <span style=\"color: #808080;\">27<\/span> | concert lyrique | <span style=\"color: #993300;\">pianiste<\/span> |\u00a0<\/strong>Ch\u00e2teau de Barbarin (38)<\/p>\n<p><strong>juillet | <span style=\"color: #808080;\">3<\/span> | concert lyrique | <span style=\"color: #993300;\">pianiste<\/span> |\u00a0<\/strong>Monast\u00e8re royal de Brou (01)<\/p>\n<p><strong>juillet | <span style=\"color: #808080;\">12<\/span> | concert lyrique | <span style=\"color: #993300;\">pianiste<\/span> |\u00a0<\/strong>La Com\u00e8te, Saint-\u00c9tienne, Aide sociale \u00e0 l&rsquo;enfance<\/p>\n<p><strong>juillet | <span style=\"color: #808080;\">29<\/span> | concert lyrique | <span style=\"color: #993300;\">pianiste<\/span> |\u00a0<\/strong>Meyrueis (48)<\/p>\n<p><strong>juillet | <span style=\"color: #808080;\">30 <\/span> | concert lyrique | <span style=\"color: #993300;\">pianiste<\/span> |\u00a0<\/strong>Meyrueis (48)<\/p>\n<p><strong>ao\u00fbt | <span style=\"color: #808080;\">3 et 4<\/span> | <em>Don Giovanni<\/em><\/strong>(Mozart) <strong>| <span style=\"color: #993300;\">direction musicale<\/span> |\u00a0<\/strong>Ch\u00e2teau de Roquedols (48) <em>(MS Marfoglia)<\/em><\/p>\n<p><strong>ao\u00fbt | <span style=\"color: #808080;\">17 <\/span> | concert lyrique | <span style=\"color: #993300;\">pianiste<\/span> |\u00a0<\/strong>Maraussan (34)<\/p>\n<p><strong>ao\u00fbt | <span style=\"color: #808080;\">18<\/span> | <em>Don Giovanni <\/em><\/strong>(Mozart) <strong>| <span style=\"color: #993300;\">direction musicale<\/span> |\u00a0<\/strong>Maraussan (34) <em>(MS Marfoglia)<\/em><\/p>\n","protected":false},"excerpt":{"rendered":"<p>2020 octobre | 5-9 | atelier lyrique | pianiste | Maison d&rsquo;arr\u00eat de La Talaudi\u00e8re octobre | 8 | Concert Barbara | pianiste | Novotel, Saint-\u00c9tienne octobre | 17 | Requiem (Descamps) |\u00a0chef des ch\u0153urs |\u00a0Op\u00e9ra de Saint-\u00c9tienne octobre | 18 | Concert | direction musicale | F\u00eate du livre dede Saint-\u00c9tienne [Annul\u00e9] novembre | &hellip; <a href=\"https:\/\/laurenttouche.fr\/index.php\/saison-2020-2021\/\" class=\"more-link\">Continuer la lecture<span class=\"screen-reader-text\"> de &laquo;&nbsp;Saison 2020-2021&nbsp;&raquo;<\/span><\/a><\/p>\n","protected":false},"author":1,"featured_media":0,"parent":0,"menu_order":5,"comment_status":"closed","ping_status":"closed","template":"","meta":[],"_links":{"self":[{"href":"https:\/\/laurenttouche.fr\/index.php\/wp-json\/wp\/v2\/pages\/296"}],"collection":[{"href":"https:\/\/laurenttouche.fr\/index.php\/wp-json\/wp\/v2\/pages"}],"about":[{"href":"https:\/\/laurenttouche.fr\/index.php\/wp-json\/wp\/v2\/types\/page"}],"author":[{"embeddable":true,"href":"https:\/\/laurenttouche.fr\/index.php\/wp-json\/wp\/v2\/users\/1"}],"replies":[{"embeddable":true,"href":"https:\/\/laurenttouche.fr\/index.php\/wp-json\/wp\/v2\/comments?post=296"}],"version-history":[{"count":8,"href":"https:\/\/laurenttouche.fr\/index.php\/wp-json\/wp\/v2\/pages\/296\/revisions"}],"predecessor-version":[{"id":327,"href":"https:\/\/laurenttouche.fr\/index.php\/wp-json\/wp\/v2\/pages\/296\/revisions\/327"}],"wp:attachment":[{"href":"https:\/\/laurenttouche.fr\/index.php\/wp-json\/wp\/v2\/media?parent=296"}],"curies":[{"name":"wp","href":"https:\/\/api.w.org\/{rel}","templated":true}]}}