{"id":362,"date":"2025-03-23T15:49:57","date_gmt":"2025-03-23T14:49:57","guid":{"rendered":"https:\/\/laurenttouche.fr\/?page_id=362"},"modified":"2025-03-23T16:53:55","modified_gmt":"2025-03-23T15:53:55","slug":"saison-2023-2024","status":"publish","type":"page","link":"https:\/\/laurenttouche.fr\/index.php\/saison-2023-2024\/","title":{"rendered":"Saison 2023-2024"},"content":{"rendered":"<h3><span style=\"color: #993300;\">2023<\/span><\/h3>\n<p><strong>novembre <\/strong><strong>|<\/strong><span style=\"color: #808080;\"><strong> 17, 19 et 21 <\/strong><\/span><strong>| <em>Il Trovatore<\/em><\/strong><strong>\u00a0 <\/strong>(Verdi)<strong> |\u00a0<\/strong><strong><span style=\"color: #993300;\">chef des ch\u0153urs<\/span> |\u00a0<\/strong>Op\u00e9ra de Saint-\u00c9tienne<del><\/del> <em>(DM Grazioli, <\/em><em>MS D\u00e9sir\u00e9) <\/em><\/p>\n<p><strong>d\u00e9cembre <\/strong><strong>|<\/strong><span style=\"color: #808080;\"><strong> 31 <\/strong><\/span><strong>|<\/strong> <strong><em>Concert du 31 d\u00e9cembre\u00a0<\/em><\/strong><strong> |\u00a0<\/strong><strong><span style=\"color: #993300;\">chef des ch\u0153urs<\/span> |\u00a0<\/strong>Op\u00e9ra de Saint-\u00c9tienne<del><\/del> <em>(DM Grazioli<\/em><em>) <\/em><\/p>\n<h3><span style=\"color: #993300;\">2024<\/span><\/h3>\n<p><strong>f\u00e9vrier <\/strong><strong>|<\/strong><span style=\"color: #808080;\"><strong> 2, 4 et 6 <\/strong><\/span><strong>|<\/strong> <strong><em>Les P\u00eacheurs de perles <\/em><\/strong>(Bizet) <strong>| <\/strong><strong><span style=\"color: #993300;\">chef des ch\u0153urs<\/span> |\u00a0<\/strong>Op\u00e9ra de Saint-\u00c9tienne<del><\/del> <em>(DM Tourniaire, MS Fr\u00e9churet<\/em><em>) <\/em><\/p>\n<p><strong>mai <\/strong><strong>|<\/strong><span style=\"color: #808080;\"><strong> 3 et 5 <\/strong><\/span><strong>|<\/strong> <em><strong>Le Tribut de Zamora <\/strong><\/em>(Gounod)<strong> | <\/strong><strong><span style=\"color: #993300;\">chef des ch\u0153urs<\/span> | <\/strong>Op\u00e9ra de Saint-\u00c9tienne<del><\/del> <em>(DM Niquet, MS Rico)<\/em><\/p>\n<p><strong>juin <\/strong><strong>|<\/strong><span style=\"color: #808080;\"><strong> 14, 16 et 18 <\/strong><\/span><strong>|<\/strong> <strong><em>La Boh\u00e8me <\/em><\/strong>(Puccini)<strong> | <\/strong><strong><span style=\"color: #993300;\">chef des ch\u0153urs<\/span> | <\/strong>Op\u00e9ra de Saint-\u00c9tienne<del><\/del> <em>(DM Grazioli, MS Ruf)<\/em><\/p>\n<p><strong>juin <\/strong><strong>|<\/strong><span style=\"color: #808080;\"><strong> 25 <\/strong><\/span><strong>|<\/strong> <strong><em>Symphonie n\u00b0 9 <\/em><\/strong><strong>| <\/strong><strong><span style=\"color: #993300;\">chef des ch\u0153urs<\/span> | <\/strong>Op\u00e9ra de Saint-\u00c9tienne<del><\/del> <em>(DM Grazioli)<\/em><\/p>\n<p><strong>juin- juillet <\/strong><strong>|<\/strong><span style=\"color: #808080;\"><strong> 30\/06 et 02\/07 <\/strong><\/span><strong>|<\/strong> <strong><em>La Grande Duchesse de Gerolstein <\/em><\/strong>(Offenbach)<strong> |\u00a0<\/strong><strong><span style=\"color: #993300;\">direction musicale<\/span> | <\/strong>Estivales de Brou <del><\/del> <em>(MS Jacquet)<\/em><\/p>\n<p><strong>juillet <\/strong><strong>|<\/strong><span style=\"color: #808080;\"><strong> 15 <\/strong><\/span><strong>|<\/strong> <strong><em>Concert<\/em><\/strong><strong> | <\/strong><strong><span style=\"color: #993300;\">piano<\/span> | <\/strong>Oz-en-Oisans<del><\/del><\/p>\n<p>&nbsp;<\/p>\n","protected":false},"excerpt":{"rendered":"<p>2023 novembre | 17, 19 et 21 | Il Trovatore\u00a0 (Verdi) |\u00a0chef des ch\u0153urs |\u00a0Op\u00e9ra de Saint-\u00c9tienne (DM Grazioli, MS D\u00e9sir\u00e9) d\u00e9cembre | 31 | Concert du 31 d\u00e9cembre\u00a0 |\u00a0chef des ch\u0153urs |\u00a0Op\u00e9ra de Saint-\u00c9tienne (DM Grazioli) 2024 f\u00e9vrier | 2, 4 et 6 | Les P\u00eacheurs de perles (Bizet) | chef des ch\u0153urs |\u00a0Op\u00e9ra &hellip; <a href=\"https:\/\/laurenttouche.fr\/index.php\/saison-2023-2024\/\" class=\"more-link\">Continuer la lecture<span class=\"screen-reader-text\"> de &laquo;&nbsp;Saison 2023-2024&nbsp;&raquo;<\/span><\/a><\/p>\n","protected":false},"author":1,"featured_media":0,"parent":0,"menu_order":2,"comment_status":"closed","ping_status":"closed","template":"","meta":[],"_links":{"self":[{"href":"https:\/\/laurenttouche.fr\/index.php\/wp-json\/wp\/v2\/pages\/362"}],"collection":[{"href":"https:\/\/laurenttouche.fr\/index.php\/wp-json\/wp\/v2\/pages"}],"about":[{"href":"https:\/\/laurenttouche.fr\/index.php\/wp-json\/wp\/v2\/types\/page"}],"author":[{"embeddable":true,"href":"https:\/\/laurenttouche.fr\/index.php\/wp-json\/wp\/v2\/users\/1"}],"replies":[{"embeddable":true,"href":"https:\/\/laurenttouche.fr\/index.php\/wp-json\/wp\/v2\/comments?post=362"}],"version-history":[{"count":3,"href":"https:\/\/laurenttouche.fr\/index.php\/wp-json\/wp\/v2\/pages\/362\/revisions"}],"predecessor-version":[{"id":366,"href":"https:\/\/laurenttouche.fr\/index.php\/wp-json\/wp\/v2\/pages\/362\/revisions\/366"}],"wp:attachment":[{"href":"https:\/\/laurenttouche.fr\/index.php\/wp-json\/wp\/v2\/media?parent=362"}],"curies":[{"name":"wp","href":"https:\/\/api.w.org\/{rel}","templated":true}]}}