{"id":37,"date":"2017-12-10T19:27:55","date_gmt":"2017-12-10T18:27:55","guid":{"rendered":"http:\/\/laurenttouche.fr\/?page_id=37"},"modified":"2017-12-22T19:32:17","modified_gmt":"2017-12-22T18:32:17","slug":"biographie","status":"publish","type":"page","link":"https:\/\/laurenttouche.fr\/index.php\/biographie\/","title":{"rendered":"Biographie"},"content":{"rendered":"<p>Form\u00e9 aux conservatoires de Saint-\u00c9tienne et de Lyon (CNR et CNSM), ainsi qu\u2019\u00e0 Paris, \u00e0 l\u2019Unesco dans le cadre de cours de direction d\u2019orchestre, Laurent Touche exerce aujourd\u2019hui une triple activit\u00e9 de chef de ch\u0153ur, chef d\u2019orchestre et pianiste. Son travail, notamment sur la musique vocale fran\u00e7aise, l\u2019a conduit \u00e0 \u00eatre invit\u00e9 tant en France qu\u2019\u00e0 l\u2019\u00e9tranger (Op\u00e9ra de Shangha\u00ef, Op\u00e9ra national du Mexique, Op\u00e9ra de Manaus au Br\u00e9sil, Grand Th\u00e9\u00e2tre de la ville de Luxembourg, Festival de Caracalla \u00e0 Rome, etc.), pour diriger, accompagner ou enseigner dans le cadre de classes de ma\u00eetre. Responsable musical du Ch\u0153ur lyrique Saint-\u00c9tienne Loire, il concentre \u00e0 l\u2019Op\u00e9ra de Saint-\u00c9tienne une part importante de ses activit\u00e9s musicales. La voix accompagnant son parcours artistique depuis l\u2019enfance, il explore r\u00e9guli\u00e8rement de nouveaux domaines, comme la chanson et le th\u00e9\u00e2tre musical.<\/p>\n","protected":false},"excerpt":{"rendered":"<p>Form\u00e9 aux conservatoires de Saint-\u00c9tienne et de Lyon (CNR et CNSM), ainsi qu\u2019\u00e0 Paris, \u00e0 l\u2019Unesco dans le cadre de cours de direction d\u2019orchestre, Laurent Touche exerce aujourd\u2019hui une triple activit\u00e9 de chef de ch\u0153ur, chef d\u2019orchestre et pianiste. Son travail, notamment sur la musique vocale fran\u00e7aise, l\u2019a conduit \u00e0 \u00eatre invit\u00e9 tant en France &hellip; <a href=\"https:\/\/laurenttouche.fr\/index.php\/biographie\/\" class=\"more-link\">Continuer la lecture<span class=\"screen-reader-text\"> de &laquo;&nbsp;Biographie&nbsp;&raquo;<\/span><\/a><\/p>\n","protected":false},"author":1,"featured_media":0,"parent":0,"menu_order":0,"comment_status":"closed","ping_status":"closed","template":"","meta":[],"_links":{"self":[{"href":"https:\/\/laurenttouche.fr\/index.php\/wp-json\/wp\/v2\/pages\/37"}],"collection":[{"href":"https:\/\/laurenttouche.fr\/index.php\/wp-json\/wp\/v2\/pages"}],"about":[{"href":"https:\/\/laurenttouche.fr\/index.php\/wp-json\/wp\/v2\/types\/page"}],"author":[{"embeddable":true,"href":"https:\/\/laurenttouche.fr\/index.php\/wp-json\/wp\/v2\/users\/1"}],"replies":[{"embeddable":true,"href":"https:\/\/laurenttouche.fr\/index.php\/wp-json\/wp\/v2\/comments?post=37"}],"version-history":[{"count":3,"href":"https:\/\/laurenttouche.fr\/index.php\/wp-json\/wp\/v2\/pages\/37\/revisions"}],"predecessor-version":[{"id":251,"href":"https:\/\/laurenttouche.fr\/index.php\/wp-json\/wp\/v2\/pages\/37\/revisions\/251"}],"wp:attachment":[{"href":"https:\/\/laurenttouche.fr\/index.php\/wp-json\/wp\/v2\/media?parent=37"}],"curies":[{"name":"wp","href":"https:\/\/api.w.org\/{rel}","templated":true}]}}